757 a composite number?
False
Is 220739 composite?
True
Is 9689 composite?
False
Is 154015 a prime number?
False
Is 22343 a composite number?
False
Is 97301 composite?
False
Is 9667 prime?
False
Is 1230863 a prime number?
True
Is 217937 a composite number?
False
Is 2103 a prime number?
False
Is 1304957 prime?
True
Is 246889 a prime number?
True
Is 39322 a composite number?
True
Is 4083 prime?
False
Is 6541 composite?
True
Is 33109 a composite number?
True
Is 53021 composite?
True
Is 28387 composite?
False
Is 439273 prime?
True
Is 30631 prime?
True
Is 375743 a composite number?
False
Is 262001 prime?
False
Is 527809 a prime number?
True
Is 19441 prime?
True
Is 2961347 prime?
False
Is 284327 a composite number?
True
Is 2153 prime?
True
Is 2579 a prime number?
True
Is 7717 a composite number?
False
Is 90901 prime?
True
Is 62773 a composite number?
False
Is 409187 a prime number?
True
Is 13919 composite?
True
Is 959 a prime number?
False
Is 1357 prime?
False
Is 8240431 a composite number?
False
Is 26141 composite?
False
Is 626929 prime?
True
Is 1732505 composite?
True
Is 29857 a composite number?
True
Is 14369 a composite number?
False
Is 9406 prime?
False
Is 97741 a composite number?
True
Is 6257 a prime number?
True
Is 13669 composite?
False
Is 2657 a prime number?
True
Is 138559 prime?
True
Is 115093 prime?
False
Is 2333 composite?
False
Is 2927 composite?
False
Is 1361 composite?
False
Is 2183 composite?
True
Is 31307 prime?
True
Is 23234 composite?
True
Is 71605 prime?
False
Is 641411 a composite number?
False
Is 3779 composite?
False
Is 101009 prime?
True
Is 2923 a composite number?
True
Is 341329 a prime number?
False
Is 40277 a prime number?
True
Is 1055365 prime?
False
Is 5519 a composite number?
False
Is 37438 prime?
False
Is 51073 a composite number?
True
Is 7669 a prime number?
True
Is 118115 a composite number?
True
Is 26615 a prime number?
False
Is 152183 prime?
True
Is 211 a composite number?
False
Is 3137 prime?
True
Is 716857 composite?
False
Is 37397 a composite number?
False
Is 9599 a composite number?
True
Is 31071 composite?
True
Is 351503 a prime number?
True
Is 15203 prime?
False
Is 1315 prime?
False
Is 42523 composite?
True
Is 24851 composite?
False
Is 8461 a prime number?
True
Is 127031 a prime number?
True
Is 25249 a prime number?
False
Is 682891 composite?
True
Is 296246 a prime number?
False
Is 15709 a prime number?
False
Is 1087 prime?
True
Is 76087 composite?
True
Is 1259 a prime number?
True
Is 360721 a prime number?
False
Is 54539 a composite number?
False
Is 13753 composite?
True
Is 5227 prime?
True
Is 569227 prime?
False
Is 5195 a composite number?
True
Is 18113 a prime number?
False
Is 195389 prime?
True
Is 7501 a prime number?
False
Is 8101 composite?
False
Is 109639 a prime number?
True
Is 791 a composite number?
True
Is 49659 composite?
True
Is 5507 composite?
False
Is 21419 prime?
True
Is 144717 a prime number?
False
Is 2066465 composite?
True
Is 375029 composite?
False
Is 263 composite?
False
Is 1159229 a prime number?
True
Is 40993 prime?
True
Is 43315 prime?
False
Is 187 a composite number?
True
Is 1219 prime?
False
Is 612533 prime?
False
Is 85623 a composite number?
True
Is 606302 a prime number?
False
Is 36061 a composite number?
False
Is 1009 a prime number?
True
Is 30661 a prime number?
True
Is 17606 composite?
True
Is 1049 a prime number?
True
Is 228169 prime?
False
Is 20593 a composite number?
False
Is 15871 a composite number?
True
Is 21293 prime?
False
Is 15373 a prime number?
True
Is 3522131 a prime number?
True
Is 13043 a composite number?
False
Is 168551 prime?
False
Is 79531 composite?
False
Is 15959 a composite number?
False
Is 173993 prime?
True
Is 1055 a composite number?
True
Is 83689 a composite number?
False
Is 418081 composite?
True
Is 1081 composite?
True
Is 568133 a composite number?
False
Is 456799 a prime number?
False
Is 105911 composite?
True
Is 815539 a prime number?
True
Is 138851 composite?
True
Is 38089 composite?
True
Is 205669 a composite number?
True
Is 29689 a composite number?
True
Is 584329 a prime number?
False
Is 290897 composite?
False
Is 14939 a composite number?
False
Is 64463 a prime number?
False
Is 26233 a prime number?
False
Is 817066 a prime number?
False
Is 118529 a prime number?
True
Is 22013 a prime number?
True
Is 554579 composite?
True
Is 8767 prime?
False
Is 2757899 prime?
False
Is 86911 composite?
True
Is 27631 prime?
True
Is 1811 composite?
False
Is 7827 composite?
True
Is 3606953 prime?
False
Is 3077011 composite?
True
Is 29123 composite?
False
Is 3829 prime?
False
Is 950113 a prime number?
False
Is 25427 composite?
True
Is 23117 prime?
True
Is 35654 a composite number?
True
Is 373781 composite?
True
Is 3967 a prime number?
True
Is 13027 composite?
True
Is 45389 a prime number?
True
Is 13745 composite?
True
Is 32995 composite?
True
Is 623171 a prime number?
True
Is 913247 composite?
False
Is 26521 a composite number?
True
Is 3651 prime?
False
Is 127 a prime number?
True
Is 237723 prime?
False
Is 8321 prime?
False
Is 537023 a prime number?
True
Is 1787781 a composite number?
True
Is 24499 a composite number?
False
Is 20701 prime?
False
Is 8009 a prime number?
True
Is 65791 prime?
False
Is 23554 a composite number?
True
Is 2047 prime?
False
Is 8567 composite?
True
Is 29687 prime?
False
Is 41461 composite?
True
Is 343339 prime?
False
Is 8261 a prime number?
False
Is 17377 a prime number?
True
Is 484441 composite?
True
Is 44017 a composite number?
False
Is 342389 a composite number?
False
Is 107845 composite?
True
Is 203457 composite?
True
Is 401 a prime number?
True
Is 16049 prime?
False
Is 36289 prime?
False
Is 40163 a prime number?
True
Is 156487 prime?
True
Is 37081 a composite number?
True
Is 322789 composite?
True
Is 6243 composite?
True
Is 2321 prime?
False
Is 111913 a composite number?
False
Is 10993 prime?
True
Is 110179 a composite number?
True
Is 23311 a composite number?
False
Is 417899 prime?
True
Is 73639 prime?
False
Is 18539 prime?
True
Is 28349 composite?
False
Is 260371 composite?
True
Is 13567 prime?
True
Is 1618601 a composite number?
False
Is 16255 a prime number?
False
Is 2917 a prime number?
True
Is 523 composite?
False
Is 23723 prime?
False
Is 11422193 composite?
False
Is 59333 a composite number?
False
Is 2195219 a composite number?
True
Is 39853 a composite number?
True
Is 321521 a composite number?
True
Is 355 prime?
False
Is 35935 composite?
True
Is 95003 prime?
True
Is 595873 a prime number?
True
Is 152879 composite?
False
Is 2395061 a prime number?
False
Is 164551 a composite number?
True
Is 1308647 a composite number?
False
Is 3271 prime?
True
Is 54973 a prime number?
True
Is 1391051 a prime number?
True
Is 692629 a composite number?
True
Is 410915 prime?
False
Is 2293 a prime number?
True
Is 2161 prime?
True
Is 49597 prime?
True
Is 13501 composite?
True
Is 109 prime?
True
Is 356735 prime?
False
Is 9267 a prime number?
False
Is 12181 prime?
False
Is 44449 prime?
True
Is 12889 prime?
True
Is 23717 a composite number?
True
Is 8081 composite?
False
Is 15143 a prime number?
False
Is 1082 prime?
False
Is 144539 prime?
True
Is 169567 a composite number?
False
Is 6503 composite?
True
Is 1398451 a composite number?
False
Is 397459 prime?
True
Is 141829 composite?
False
Is 9283 composite?
False
Is 32659 prime?
False
Is 76379 prime?
True
Is 68738 a composite number?
True
Is 51139 a prime number?
False
Is 10417 composite?
True
Is 29591 prime?
False
Is 867145 composite?
True
Is 22822 composite?
True
Is 11911 prime?
False
Is 10133 a composite number?
False
Is 269734 prime?
False
Is 4091 a composite number?
False
Is 9311 prime?
True
Is 4781 prime?
False
Is 36683 a composite number?
False
Is 15891 a composite number?
True
Is 8501 a prime number?
True
Is 157721 composite?
False
Is 93169 a prime number?
True
Is 17611 a composite number?
True
Is 479001 prime?
False
Is 2181 prime?
False
Is 308653 composite?
True
Is 14951 prime?
True
Is 129917 a composite number?
False
Is 374983 composite?
True
Is 219955 composite?
True
Is 134913 prime?
False
Is 15419 a composite number?
True
Is 48563 composite?
False
Is 3017 a prime number?
False
Is 382493 prime?
True
Is 15893 composite?
True
Is 139681 prime?
True
Is 2399 prime?
True
Is 6152909 composite?
T